d - 569 = 4*l, -2*d + 9*l - 6*l + 222 = 0. List the prime factors of d.
3, 13
Suppose -3*k + 1405 = 5*l, -5*k - 3*l + 2280 = -51. List the prime factors of k.
3, 5, 31
Suppose 4*q + 5*f = 8, -q - 2*f = -5*f - 2. List the prime factors of (-3)/((-27)/q) + (-286)/(-9).
2
Let h = 14 + -12. Let k(s) = 1 - h*s - 1. What are the prime factors of k(-2)?
2
Let q = 597 + -475. List the prime factors of q.
2, 61
Suppose -4*p - 322 = -8*p + 2*b, 5*p = -4*b + 422. List the prime factors of p.
2, 41
Let p = -366 - -843. List the prime factors of p.
3, 53
Let j(d) = 5*d + 2*d - 6*d - 3. Let w(x) = x**2 - 3*x - 5. Let i be w(6). What are the prime factors of j(i)?
2, 5
Let u be (-150)/(-40) - 1/(-4). Suppose u*b - 434 = 2*t, -449 = -4*b - t - 2*t. List the prime factors of b.
2, 5, 11
Let w(d) = -d + 23. Let q(m) = 3*m**2 - 20*m - 2. Let f be q(6). List the prime factors of w(f).
37
Let t = -22 + -54. Let i = 135 + -181. Let v = i - t. List the prime factors of v.
2, 3, 5
Let m be (6 + -1)*1 + 1. Suppose 11*o = m*o - 105. Let i = -11 - o. What are the prime factors of i?
2, 5
Let c = 5 + -3. Let x(j) = 48*j + 10. List the prime factors of x(c).
2, 53
Let h(x) = x**2 + 7*x + 12. Let o be h(-11). Suppose -3*z = 52 + o. Let c = z + 79. What are the prime factors of c?
43
Suppose 7*c - 3 = 6*c. Suppose -n = -3*x - 4*n + 831, 0 = x - c*n - 281. What are the prime factors of x?
2, 139
Let u be (-4 - -2 - -3)/1. What are the prime factors of (-1)/(3/(-213)) - u?
2, 5, 7
Let a be 4/(4/2) + (-22 - -26). List the prime factors of 10*(22/a)/((-15)/(-45)).
2, 5, 11
Let v(u) = -u**3 - 11*u**2 + u + 12. Let d be v(-11). Let g(z) = 46*z - 2. List the prime factors of g(d).
2, 11
Let j(y) be the second derivative of 5*y**3/6 - 7*y**2 + 14*y. List the prime factors of j(10).
2, 3
Suppose 4*l + 86 = 2*t, -2*t - 4*l - 59 + 169 = 0. Suppose y = 4*i + 29, -4*i - t = 3*y - 200. List the prime factors of y.
3, 5
Let i(b) = 533*b**2 - 3*b - 4. List the prime factors of i(-1).
2, 7, 19
Let o(h) be the first derivative of 17*h**3/3 + h**2/2 - h + 2. What are the prime factors of o(1)?
17
Let a be 4/(-28) + (-740)/14. Let t = a + 115. Suppose -2*c + t = -4*y - 6, 3*y = -3*c + 120. List the prime factors of c.
2, 19
Let s = 471 - -2966. List the prime factors of s.
7, 491
Let j(x) = 11*x - 4. Let c = -32 - -29. Let y be c/((-12)/(-8) - 3). What are the prime factors of j(y)?
2, 3
Let u(j) = -j**2 + 4*j - 5. Let n be u(4). Let a = n + 7. Suppose -4*f + 0*f = a*d - 140, f - 38 = -2*d. List the prime factors of f.
2, 17
Suppose 27*i - 163318 = -51349. What are the prime factors of i?
11, 13, 29
Suppose -u - 27 = 4*m + 1, 5*m - 30 = 2*u. List the prime factors of 16*(4/20 - 16/u).
2
Suppose -b + 44 = 5*j, -12*b + j = -14*b + 79. Suppose -3*z = 3*u + 69, 4*u + 68 = 3*z + z. Let q = b - u. List the prime factors of q.
59
Let x(y) = 80*y**2 - 43*y - 79. What are the prime factors of x(7)?
2, 3, 5, 59
Suppose -l = -i, 4*l - 5*i + 2 = -3. Suppose -3*u + 4*h + 709 = 0, 0 = 2*u - 6*u + l*h + 946. List the prime factors of u.
239
Let j(h) = -h + 1. Let q(t) = 60*t - 6. Let v(f) = 4*j(f) + q(f). Let m be v(1). Suppose 0*d - m = -2*d. What are the prime factors of d?
3
Let p(q) = -q**2 + 8*q + 3. Let k be p(8). Suppose 0 = k*x - 0 - 9. Suppose -x*w + 7*l + 68 = 2*l, 2*l = -2*w + 72. List the prime factors of w.
31
Let z = 479 - 396. What are the prime factors of z?
83
Suppose -t = b - 0*b, 2*b - t = 0. Let j(l) = 9*l + b - 2 - 4 + 3. What are the prime factors of j(2)?
3, 5
Let c(r) = -r + 25. Suppose 0 = -5*m - 2 + 2. What are the prime factors of c(m)?
5
Suppose -13*u - 38 = -11*u. Let j = 40 + u. Suppose 3*s = -0 + j. What are the prime factors of s?
7
List the prime factors of (-21)/(-2)*(-1110)/(-45).
7, 37
Let m be (-2)/(-5)*(-50)/2. Let b be (2/5)/((-1)/m). List the prime factors of 2*-1 - (-204)/b.
7
Let h = -12 + 7. Let q(y) = -2*y**3 - 8*y**2 + 9*y + 21. Let m(z) = z**3 + 4*z**2 - 5*z - 11. Let b(x) = 7*m(x) + 4*q(x). What are the prime factors of b(h)?
3
Let a = 140 + 147. List the prime factors of a.
7, 41
Suppose 0 = 12*m - 5139 - 1197. List the prime factors of m.
2, 3, 11
Suppose 133*j - 125*j = 15576. List the prime factors of j.
3, 11, 59
Let a(f) = f**2 + 6*f + 8. Let o be a(-8). Let z = o + -3. List the prime factors of 637/z + 3/(-9).
2, 3, 5
Let l be (-10)/(-35) - (-19)/7. Suppose 65 = 5*g - 5*i, l*i = -2*g + 2*i + 38. What are the prime factors of g?
17
Let l(z) = -z**3 + 8*z**2 - 4*z + 10. Let k be l(8). Let h = 25 + k. Let o(m) = 2*m**3 - 3*m**2 + 3*m - 2. List the prime factors of o(h).
2, 17
Let z(q) = -215*q - 21. List the prime factors of z(-3).
2, 3, 13
Suppose 0*z - 1 = -z, 3*z = 4*j - 5329. List the prime factors of j.
31, 43
Suppose 5*k - 5*c - 22393 = 1337, k = -c + 4742. List the prime factors of k.
2, 593
Suppose 3*i - 66 = -5*t, -84 + 14 = -5*t - 5*i. Suppose -5*l = -l - t. Suppose -2*u + 14 + 75 = 3*f, -187 = -4*u - l*f. List the prime factors of u.
7
Let m(a) = a + 5 + a**2 + 1 - 6 + a**3 + 1. Let v be m(2). List the prime factors of (-80)/v*6/(-4).
2
Let j = -289 + 413. What are the prime factors of j?
2, 31
Let w be (-20)/(-50)*10/(-2). Let h be (18/12)/(w/(-20)). List the prime factors of -2*h/(-6) + 1.
2, 3
Let f = -372 - -35. Let u = -233 - f. List the prime factors of u.
2, 13
Let s(y) = -5*y**2 - 2*y - 36. Let q be s(-6). Let l = 508 + q. List the prime factors of l.
2, 19
Let w(d) = d**3 + 18*d**2 + 12*d - 29. What are the prime factors of w(-14)?
587
Let m(i) = 25*i**2 + 5*i - 9. Let q be m(2). Suppose 5*x - 5*w = q + 124, -3*w = -2*x + 95. What are the prime factors of x?
2, 5
Suppose 67834 - 6073 = 17*a. What are the prime factors of a?
3, 7, 173
Suppose -3*r - 12 = -7*r. Let j(d) be the third derivative of d**4/4 + d**3/6 - 8*d**2. What are the prime factors of j(r)?
19
Let l(t) = t**3 + 22*t**2 - 53*t - 12. Let m be l(-24). Suppose 3*q - m = -2*z + z, 0 = -3*z - q + 348. List the prime factors of z.
3, 13
Let l(s) = -2*s**3 - 7*s**2 - 2*s + 28. List the prime factors of l(-6).
2, 5, 11
Let i(a) = a + 23. What are the prime factors of i(-7)?
2
Suppose 0 = -30*a + 23*a + 8204. List the prime factors of a.
2, 293
Suppose -4*b + 13 = -g + 1, -b - 16 = -5*g. Suppose -2*r - 33 = -3*d + 115, g*d = r + 194. Let w = d - 28. What are the prime factors of w?
2, 5
Suppose 3*c = -2*c + 2010. Suppose -6*t + c = -0*t. List the prime factors of t.
67
Let z(i) = -2*i. Let f be z(-2). Suppose -75 = s - f*s. Suppose -2*b + s = 3*h, 0*b = 2*b - 3*h - 19. What are the prime factors of b?
11
Suppose -12 = -4*f + f - 2*s, -16 = -4*f + s. Suppose -k - f = k. What are the prime factors of k*62/(-4)*1?
31
Let t(o) = -o**2 + 6*o. Let z be t(6). Suppose 5*c = -4*n + 25, z*c - 16 = -3*n - c. Suppose 274 = n*j + 74. What are the prime factors of j?
2, 5
Let h = -376 - -374. Let b be (0 - 15) + (-1)/1. What are the prime factors of (8/b)/(h/36)?
3
Let f(v) = v**2 - 9*v + 7. Let l(a) = -3*a + 1. Let u be l(-2). Let y be u + 3/((-12)/(-8)). List the prime factors of f(y).
7
Let s = -33 - -41. Let w = 5 + s. Suppose -6*v - 322 = -w*v. What are the prime factors of v?
2, 23
Let u be 2*(39/6 + 2). Let m be (-30)/(-40) + u/4. Let d = m - -4. List the prime factors of d.
3
Let v(q) = 37*q**2 - 16*q - 75. What are the prime factors of v(-5)?
2, 3, 5, 31
Let z(n) = 6*n + 1. Suppose 11 = -3*l + 8. Let s be z(l). Let m(g) = -12*g - 11. What are the prime factors of m(s)?
7
Let c be (-14214)/48 + 2/16. Let z = 500 + c. Suppose z = 5*g + 64. What are the prime factors of g?
2, 7
Suppose 4*i - 2*i + 3*z - 193 = 0, 5*z + 90 = i. Suppose -w = 2*t + 65, -i = -t + 5*t - 5*w. Let h = -6 - t. List the prime factors of h.
2, 3
Let a = 2 + 2. Suppose -m - m + 4*y - 16 = 0, -a*m + y + 3 = 0. Suppose 2*x = x + m. List the prime factors of x.
2
Let k be 20/(-9) - 6/(-27). Let v be (-8)/k - (-2)/(-1). Suppose y - 12 = -v*y. What are the prime factors of y?
2
Suppose 3*u - 30 = -v, 0*u = 2*u - 3*v - 9. What are the prime factors of (-258)/u*(-6)/4?
43
Let r(m) = 145*m**3 + 2*m**2 - 1. Suppose 5*h = 1 + 4. Let f be r(h). Suppose -t - 5*i + 32 = -2, 5*t - f = -i. List the prime factors of t.
29
Let r = -53 - -93. Suppose -r*p - 369 = -43*p. What are the prime factors of p?
3, 41
Let c = 7 + -2. Suppose 